c + 2*a = 5*a - 7. Let k(g) = c*x(g) + m(g). Calculate k(-3).
1
Let o(m) = 4*m. Let r(i) = i. Let c(y) = 2*o(y) - 7*r(y). Let h(d) be the second derivative of d**3/6 + 5*d. Let w be h(-4). Give c(w).
-4
Let w = 42 - -66. Let b = -104 + w. Let j(u) = u**3 - 5*u**2 + 6*u - 3. Determine j(b).
5
Let r = -18 - -19. Let l(g) = -g + g**3 - 5 + 57*g**2 - 51*g**2 - r. Let m(k) = -4*k + 2. Let h be m(2). Determine l(h).
0
Let g(d) = -93 - 3*d**2 + 98 + 3*d**2 + 0*d**2 + d**2 - 5*d. Calculate g(5).
5
Let z(s) be the second derivative of s**3/6 - 7*s**2 + 3*s + 176. Suppose -4*l + 9*l - 55 = 0. Calculate z(l).
-3
Let o(t) = -11*t. Let s(p) be the first derivative of 8*p + 2/3*p**3 - 15/2*p**2 - 1. Let j be s(7). Calculate o(j).
-11
Let t(n) = -2*n**3 + 15*n**2 - 3*n + 15. Let g(s) = s**3 - 7*s**2 + s - 7. Let f(q) = 9*g(q) + 4*t(q). Let i = -5 - -9. What is f(i)?
1
Suppose -8 = 4*b, -4*s - b - 3*b - 40 = 0. Let t(x) = -x - 13. Calculate t(s).
-5
Let v(a) = -a + 4. Let k(m) be the third derivative of -m**6/120 - 11*m**5/60 - 7*m**4/24 + 11*m**3/2 - 24*m**2. Let y be k(-10). What is v(y)?
1
Let u be (8/18)/((-6)/(-27)). Let n be 8/(-10)*(-9 - 6). Let p(o) = 33 - 11 - 11 - n - 5*o. Calculate p(u).
-11
Let m(i) = -i + 14. Let w be m(-12). Let r = w + -21. Let c(s) = 3 - 5*s**2 - 3*s**3 + 0*s**2 - r*s + 4*s**3 - 1. What is c(6)?
8
Let o(m) be the second derivative of -m**5/20 + 5*m**4/12 - m**3/2 - 5*m**2 - 226*m. Calculate o(4).
-6
Let j(a) = -4*a**2 - 9*a + 12. Let m(d) = 5*d**2 + 8*d - 12. Let x(u) = 4*j(u) + 3*m(u). What is x(-14)?
-16
Let j(p) be the third derivative of -p**6/120 - 7*p**5/20 + 23*p**4/24 + p**3 - 7*p**2 - 5. Give j(-22).
-16
Let t(a) be the first derivative of a**7/840 - a**5/60 - a**4/8 - 10*a**3/3 + 2. Let i(m) be the third derivative of t(m). Calculate i(-2).
-7
Let x(h) = 654 + 8*h - 3*h**2 - 319 - 326 + 4*h**2. Calculate x(-4).
-7
Let r(s) = s**3 + 9*s**2 + 1. Suppose -225 = -80*m + 83*m. Let z be (m/5 + 6)*(-1)/(-1). What is r(z)?
1
Suppose -f = 3*f. Let d(b) = -7*b**2 - 6*b + 18. Let u(v) = 6*v**2 + 5*v - 17. Let y(i) = -5*d(i) - 6*u(i). Determine y(f).
12
Let a(n) = n**3 - 4*n**2 + n - 4. Let d be a(3). Suppose -q - 4 + 16 = 0. Let v = q + d. Let l(x) = -3*x - 1. Give l(v).
-7
Suppose -5*r = -3*m + 34, 3*r - 8 = 5*m - 22. Let y(s) = 3*s - 9. What is y(r)?
-33
Let d be 5/(-2)*(-4)/5. Let f(p) = 5*p + p**2 - p**2 - d + p**2. Let o = 117 - 121. Give f(o).
-6
Let m(q) = -22*q + 30. Let b(n) = -9*n + 12. Let x = 41 - 34. Suppose x*v - 2*v = -60. Let i(u) = v*b(u) + 5*m(u). Determine i(4).
-2
Suppose 10*c - 35 + 15 = 0. Suppose 0 = 2*i + 2*u - c, -12 = -3*i - u - 11. Let g(k) = -k**3 + k - 21. Determine g(i).
-21
Let i = 237 - 237. Let j(m) be the second derivative of 1/2*m**3 + i + 0*m**2 - 4*m. Determine j(3).
9
Suppose 173 - 191 = 9*p. Let c(s) be the second derivative of s**3/3 - s. Calculate c(p).
-4
Let f(r) = r - 7. Let z(b) = b - 1. Let x(y) = f(y) + 2*z(y). Calculate x(6).
9
Suppose -5*o + 25 = 3*d, 0 = -2*d - d - 15. Let s(h) = h**3 - 7*h**2 - 7*h - 3. Calculate s(o).
5
Let g(m) = -m**3 - 5*m**2 - 5*m - 1. Let z(h) = 0*h**3 + 4 - h**3 + 8*h**2 - 11*h**2. Let p be z(-4). Let s = p - 24. What is g(s)?
3
Let t be (-192)/(-80)*(-4 + -1). Let g(x) = -x + 12. Determine g(t).
24
Let g(k) be the first derivative of k**3/3 - 6*k + 203. Determine g(-5).
19
Let a(g) = -g**3 - 7*g + 4*g**3 - 4*g**3 - 7*g**2. Suppose 2*h - 23 = -5*t, -40 = -4*h - 5*t - 9. Let u be ((-9)/h)/(-2 + 19/8). Calculate a(u).
6
Let c(b) = b - 7. Let w = -96 - -91. Calculate c(w).
-12
Let l(q) = 4. Let h(c) = c + 18. Let a(t) = h(t) - 5*l(t). What is a(4)?
2
Let w(q) be the first derivative of q**2/2 + 9*q + 6. Let f be w(-3). Let r be (0 + -18)*(-2)/f. Let i(z) = z - 2. Calculate i(r).
4
Let b(p) = p**2 - 2*p - 3. Let k be 1/2 + (-22)/4. Let g be (45/(-6))/k*2. Give b(g).
0
Let y(l) = l - 4. Let i be y(11). Let n(a) = 4 + a - 9 + 9 + i. Calculate n(-8).
3
Let h be (1 - -122) + 4/((-8)/6). Let x be 5/(50/(-8)) + h/25. Let n(p) = p**3 - 4*p**2 + 3*p - 3. Determine n(x).
9
Let t(o) be the third derivative of -o**6/720 - o**5/120 - o**4/4 - 9*o**2. Let u(m) be the second derivative of t(m). Determine u(-4).
3
Let q(u) = 5*u - 4. Let c(i) = -3*i + 4. Let w(l) = 3*c(l) + 2*q(l). Give w(4).
8
Let m(v) = 32*v**2 + v**3 + 3*v - 33*v**2 + 10*v**2 + 3*v - 19. Calculate m(-8).
-3
Let m(q) = -q**3 - 7*q**2 - 13*q + 3. Let g be m(-4). Let k(c) = -c**2 + 4*c + 4. Calculate k(g).
-17
Let w(a) = -19*a**2 - 13*a - 16. Let u(z) = 30*z**2 + 19*z + 24. Let t(r) = -5*u(r) - 8*w(r). Give t(-6).
26
Suppose r - 3*b = 3, 0 = 3*r - 0*r + 5*b + 5. Suppose -4*s = -3*d + 6*d - 6, -2*s = r. Let p(h) = 3*h**3 - 2*h**2 - 2*h + 2. What is p(d)?
14
Let o(x) = -x - 5. Let v be 22 + (3 - 3) + -4 + 0. Suppose -6*a + v = -4*a. Give o(a).
-14
Suppose -3*b - 18 = -x + 1, x = -5*b - 5. Let k(n) = n**3 - 9*n**2 - 10*n - 1. What is k(x)?
-1
Let i(c) = 7*c**3 - 11*c**2 - 9*c + 17. Let x(w) = 5*w**3 - 12*w**2 - 10*w + 17. Let j(y) = 3*i(y) - 4*x(y). Determine j(-14).
-3
Let i(a) = -5. Let r(m) = m + 5. Suppose 3*w + 0*w = 30. Let u be (2*3)/(w/5). Let l(v) = u*r(v) + 2*i(v). What is l(-4)?
-7
Let p(j) = 3*j**2 + 39*j + 1. Let k be p(-13). Let s(a) = -8*a**2 - 2*a. Determine s(k).
-10
Suppose 3*v - 3*a - 27 = 0, -12 = 3*v + 4*a - 4. Let w(p) = -8*p + 1 + 3*p + v*p + 1. Determine w(-7).
9
Suppose 5*u + 25 = 0, 7 + 12 = -a - 5*u. Let i(m) be the second derivative of 0 - 1/6*m**3 - a*m - 1/2*m**2. Calculate i(-6).
5
Let o = 52 - 47. Let a(i) = i**2 - 4*i + 7. Determine a(o).
12
Let b be (-12)/(-8)*6 - -2. Let h(g) = 5*g**3 - g**2 + 10. Let a(n) = -14*n**3 + 3*n**2 - 31. Let l(x) = b*h(x) + 4*a(x). Give l(0).
-14
Let i(a) = a**3 - 12*a**2 + 13. Let g = -1045 + 1057. Calculate i(g).
13
Let n(k) = k**3 - 7*k**2 - 2*k + 9. Let t = -442 - -449. Give n(t).
-5
Let a(b) be the second derivative of -1/3*b**3 - 1/2*b**2 + 5/12*b**4 - 1/20*b**5 - 6*b + 0. Suppose -8 = -z - z. What is a(z)?
7
Let j = -112 + 102. Let z(u) = -u - 15. Calculate z(j).
-5
Let y(w) = 22*w - 14. Let n(o) = 7*o - 4. Let u(v) = 10*n(v) - 3*y(v). Calculate u(-2).
-6
Let j(r) be the second derivative of -r**5/20 + 2*r**4/3 - 3*r**2 + 105*r - 3. What is j(7)?
43
Let q be -1*(3 + 1 + 17). Let x = 16 + q. Let j(l) = -l**2 - 8*l - 2. Determine j(x).
13
Let c(t) = -t + 5 - 10 - 8*t**2 + t**3 + 8*t - 1. Determine c(7).
-6
Suppose 0 = -3*o - 0*o + q + 55, -36 = -2*o + q. Let i(u) = u**2 - 18*u - 20. Determine i(o).
-1
Let b(a) be the second derivative of 5/6*a**3 + 0 + 3*a**2 - 7*a + 1/12*a**4. Let u(t) = -2*t**2 - t + 2. Let o be u(-2). Calculate b(o).
2
Suppose -2*y + 10*y = -456. Let s = 64 + y. Let r(d) be the second derivative of d**3/6 - 5*d**2/2 + 6*d. Calculate r(s).
2
Suppose -h + 10 = -2*s, -3*s - 3*h + 4*h = 16. Let q(f) = 4*f + 3. Let p(o) = -5*o - 4. Let w(v) = -5*p(v) - 6*q(v). Determine w(s).
-4
Let q(r) = -17 + 10 + 2*r + 12. What is q(8)?
21
Let j(m) = m**3 + m**2. Let b be j(1). Let i(q) = 3 + 1 - 1 - b. Let a(x) = -2*x + 1. Let h(s) = a(s) + 6*i(s). Calculate h(-5).
17
Let x = 5 + -5. Suppose 5*n + 3*d - 25 = x, -3*n + 2*d + 5 = -10. Suppose n*q - 10 = 20. Let g(y) = -y + 8. What is g(q)?
2
Let x(a) = -a**2 + a. Let u = 22 - 3. Suppose -y + u = 17. What is x(y)?
-2
Let f(p) be the third derivative of p**5/60 + 7*p**4/24 + p**3/6 + 2*p**2. Let z be f(-7). Let g(u) = -u**2 + 21*u + 5 - 18*u - z. What is g(3)?
4
Let b be (15/45)/((-1)/(-6)) - 6. Let l(n) = -3*n - 3. Give l(b).
9
Let n(l) = l - 1. Let g(j) = 2. Let f(c) = -3*g(c) - 4*n(c). Let q be f(-2). Let k(m) = m + m**3 - q - 3*m + 5*m**2 - 4*m. Calculate k(-6).
-6
Let a(d) = 70*d - 430. Let y be a(6). Let k(t) = -t**3 - 10*t**2 + t + 10. What is k(y)?
0
Suppose 133 = a - 7. Let i = a + -146. Let p(k) = -k**3 - 7*k**2 - 8*k - 6. Calculate p(i).
6
Let x(u) be the first derivative of u**3/3 + 5*u**2 + u + 58. Calculate x(-7).
-20
Let w be -3 + 0 + 0 + 1. Let y(f) = f**2 - 23*f + 16. Let d(i) = -4*i**2 + 65*i - 45. Let n(q) = -6*d(q) - 17*y(q). Determine n(w).
24
Let o(h) = -h**3 + h**2 + h + 1. Let k be o(-1). Suppose k*w = 6*w - 8. Let l(i) = 2 - 6 + 1 - w*i. Calculate l(-3).
3
Let f(s) = s**3 - 7*s**2 + 6*s + 1. Suppose 0 = -5*b + 22 - 2. Suppose -10 = -k + 2*o, -b*o = -5*k + 2*k + 26